*d - d**2. Calculate v(l).
-5
Let z be (-4)/2*3/(-2). Let x(n) = 3*n - 9. Let v(p) = -p + 3. Let w(b) = z*x(b) + 8*v(b). Let l be (-3 + 2)/(1/(-3)). Determine w(l).
0
Let c(q) = -q - 5*q**2 - 1 - q**2 + 0. What is c(-1)?
-6
Let g(t) = 13*t - 28*t + 16*t. Give g(-5).
-5
Suppose -25 = -6*x + x. Suppose 12 = 4*c + 4. Suppose x*g - 4*d = -4, 3 = c*g - 3*g + 3*d. Let v(y) = -y**2 - 4. What is v(g)?
-4
Let t(m) = -16*m**2 - 14*m**3 + 15*m**3 - 2*m + 1 + 11*m**2. Give t(5).
-9
Let r(o) = o**3 - 6*o**2 + 4*o + 7. Suppose 0 = 11*h - 7*h - 28. Let z = h + -2. Give r(z).
2
Let v be 1/(-6) + 58/(-12). Let b(u) = -2*u**2 - 6*u + 5. What is b(v)?
-15
Let r(o) = o + 4. Suppose 4*j - 30 = -6*j. What is r(j)?
7
Let a(w) = -2*w - 5. Suppose 6*t + 8 = 4*t. Determine a(t).
3
Suppose 5*d - 22 = -2. Let w(r) = 0 + 4*r - d*r - r - 1. Let k = 1 + -2. Calculate w(k).
0
Let r(y) be the first derivative of 1/24*y**4 + 0*y + 0*y**5 - 2 + 0*y**2 + 2/3*y**3 - 1/360*y**6. Let b(p) be the third derivative of r(p). Give b(-1).
0
Let y(w) = w**3 + 3*w + 3. Let c be (0 + -1)/(3/6). Calculate y(c).
-11
Let h be ((-3)/2)/(1/8). Let b be (2/4)/((-2)/h). Let o(s) = -3*s + 3*s - 4*s + 2*s. Determine o(b).
-6
Suppose 3 = -3*z + 5*l, 0 = z - 5*l - 0*l + 11. Let i(j) be the first derivative of -2*j**2 - 2*j + 1 - 1/4*j**4 + 5/3*j**3. Calculate i(z).
-2
Suppose 2*r - 4 = -2. Let u(d) be the first derivative of 3*d**4/2 - 2*d**3/3 + d - 5. Calculate u(r).
5
Let m(l) = l**3 - 7*l**2 + 4*l**2 - l**2 + 8*l - 5*l**2 - 4. Determine m(8).
-4
Let p(u) be the second derivative of -u**5/10 - u**4/6 - u**3/3 - 3*u**2/2 + 43*u. What is p(-2)?
9
Suppose -3*v + v = 10. Let y(w) = w**3 + 5*w**2 + w - 4. Give y(v).
-9
Let x(u) = u - 1. Let w be x(6). Let c = 18 - 14. Let t(h) = c*h - h**2 - 2 + w + 0*h. Calculate t(4).
3
Let y be (-18)/(-8) + 3/(-12). Let u(a) be the first derivative of -a**4/4 + a**3/3 - 3*a**2/2 + 2*a - 2. Determine u(y).
-8
Let k(v) be the third derivative of 2/3*v**3 + 0*v - v**2 + 0 - 1/24*v**4. Determine k(-3).
7
Let f(i) = i + 2. Let m be 28/126 + 4/(-18). Determine f(m).
2
Suppose 0*q - 10 = 5*q. Let o(g) = 3*g**3 + 2*g**2 - 2*g. Calculate o(q).
-12
Let d(c) = 58 - 4*c + 12*c - 58. Determine d(-1).
-8
Let m = 0 - -2. Let q(y) = 2*y**2 + 0*y**2 + 2*y - 4*y**m + 3*y**2. What is q(3)?
15
Suppose -2*f + 4*z - 3 + 1 = 0, z = -3*f - 17. Let t = 14 - 10. Let p(o) = 3 - 2*o - 2 - 1 - t. Give p(f).
6
Let z(b) = 13*b**3 - 12*b**2 + 19*b - 13. Let p(d) = -4*d**3 + 4*d**2 - 6*d + 4. Let r(y) = 7*p(y) + 2*z(y). Suppose -v + 3 = 1. Determine r(v).
-6
Let z(g) be the first derivative of -g**2 - 2*g - 11. Determine z(-3).
4
Let x(b) = 9*b + 3 - 1 + 1. Suppose -5*g + 5*q = -2 + 12, -10 = 5*g - 2*q. Give x(g).
-15
Let b be (20/6)/(14/21). Let w = 5 - -4. Suppose 6 = -b*g - w. Let f(m) = -m**2 - 2*m + 4. Give f(g).
1
Let z(b) = 3*b. Suppose 3*p = -4*i - 7, 3*i - 3*p = -0*p + 21. What is z(i)?
6
Let v be ((1 - 3) + -9)*-8. Let k(o) = o**2 + v + o**3 - o - 88. Determine k(-2).
-2
Let g be (-2)/6 - 1/(-3). Let c(b) = -b**3 + 3*b**2 - 1. Let p be c(2). Let d(r) = p + g*r - 2*r - 6. Determine d(-4).
5
Suppose 0 = 5*p - 7 - 3. Let d = p - -2. Let x(m) be the first derivative of m**3/3 - 7*m**2/2 + 3*m - 2. Determine x(d).
-9
Let j = 5 + -5. Let g(q) = q**2 + 7*q + 7. Let v(n) = -n**2 - 6*n - 7. Let d(t) = 5*g(t) + 6*v(t). Calculate d(j).
-7
Suppose -2*w + 5*d = 24 - 8, 0 = 2*w + 4*d - 2. Let b(y) = -1. Let m(t) = t**2 + t - 3. Let z be 10/8 + 1/(-4). Let a(o) = z*b(o) + m(o). Determine a(w).
2
Let j(g) = -2 - 3*g + 30*g**2 - 29*g**2 + 4. Determine j(3).
2
Let w(p) = -17 + 40 - 20 + 10*p. Give w(-2).
-17
Let g(l) = l**2 + 6*l + 11. Let w(h) = h**2 + 3*h + 5. Let v(t) = 3*g(t) - 7*w(t). Let p(y) = -3*y**2 - 4*y - 1. Let j(x) = 3*p(x) - 2*v(x). What is j(-6)?
1
Let y be -1 + 2 + -2 + 2. Let i(j) = -2*j + 1. Let k be i(-3). Let g(b) = 1 + 0 - k*b**2 + 0*b**2. Calculate g(y).
-6
Suppose -2*q = -2*m - 8, -q + 12 = 3*q. Let t(z) = -z**3 - 10*z**2 - 6*z - 4. Let u(i) = -i**2 - i + 1. Let j(n) = m*t(n) + 4*u(n). What is j(-6)?
-4
Let l(d) be the second derivative of 0 + 1/3*d**3 + 1/2*d**2 + 1/12*d**4 + d. What is l(-4)?
9
Let b(a) = a. Let t = 7 - 5. Suppose -t*n - 3 = 3*n + 2*c, 5*n + 4*c = -1. What is b(n)?
-1
Suppose r + 3*v + 22 = -3*r, 0 = 3*v + 6. Let h(f) = 2*f + 2. What is h(r)?
-6
Let i(s) = -3*s - 2. Let x be i(2). Let m = -5 - x. Let n(f) = f**3 - 4*f**2 - f + 4. Determine n(m).
-8
Let t(n) be the first derivative of -7*n**3/3 - n + 21. Suppose 0 = 4*d + 3*c - 6*c - 1, -5*c + 5 = 0. Calculate t(d).
-8
Let t be (1 - (-2 - -1)) + -2. Suppose t*z = -z + 10. Suppose c + z = 6*c. Let u(y) = -y**2 + 4*y - 2. What is u(c)?
2
Suppose -4*a - 3*x + 35 = 0, 4*a - 2*x = -x + 31. Suppose -3*f - 3*y = 3, -a - 2 = -2*f + 2*y. Let w(v) = v + 2. What is w(f)?
4
Let k(d) = -5*d + 2. Let r be k(-2). Suppose -r = 3*j + j. Let n(g) = g**3 + 3*g**2 + 2*g + 4. Calculate n(j).
-2
Let w(m) be the second derivative of -2*m**2 - 1/3*m**3 + 1/12*m**4 - 2*m + 0. Determine w(3).
-1
Let a(r) = -10 + 0*r + 11 - r. Calculate a(-4).
5
Let g(j) = -j + 8. Let v be (5 + -7)/((-1)/4). Determine g(v).
0
Let v(y) = y - 7. Let p = -69 + 74. Determine v(p).
-2
Let k(g) = 2*g - 2. Let z(p) = 2. Let s(x) = -k(x) - 2*z(x). Give s(-3).
4
Let z(t) be the first derivative of -t**3/3 - 3*t**2/2 + t - 9. Calculate z(-3).
1
Let a(j) = -j - 2. Let p be (-24)/(-6)*(-14)/8. Let r = 12 + p. Suppose 2*i = -k - 14, -18 = r*k - 3*k + 2*i. What is a(k)?
2
Let t be (-3)/(-12) - (-22)/8. Let z(j) = -7*j - 2*j - t + 3*j - j**2. Suppose -2 - 4 = 2*y. Determine z(y).
6
Let z = -12 - -7. Let t(u) = -u + 9. Let s be t(7). Let i(w) = -w**3 - 6*w - 4*w**2 + 5*w**2 + 3*w**2 + s*w**3. Determine i(z).
5
Let k(q) be the second derivative of q**4/12 - q**3/6 + q**2/2 - 23*q. Give k(0).
1
Let w(r) = 2*r**2 - 4*r + 5. Let t(q) = 2*q**2 - 5*q + 6. Let n(u) = 2*t(u) - 3*w(u). Let c(g) = 2*g**2 - 2*g + 3. Let y(m) = 2*c(m) + 3*n(m). Give y(3).
-15
Let r(q) = -6*q**3 + 11*q**2 - 10*q - 4. Let y(m) = -5*m**3 + 10*m**2 - 9*m - 3. Let k(a) = 4*r(a) - 5*y(a). Suppose 5*j - 20 = j. Give k(j).
-1
Suppose 5*u - 27 = 4*p, -p - u - 6 = -2*u. Let m(d) = 2*d**3 - d**3 - 4 - 4*d**2 + 7*d**2 - 5*d. Give m(p).
11
Let q(s) be the second derivative of s**3/2 - s**2/2 - 2*s. Let o(r) = -2*r + 2. Let j(d) = -2*o(d) - 3*q(d). What is j(-1)?
4
Let k be (-3)/(-2 - -1) - 1. Suppose k*y = 0, -2*b = 2*b - 4*y. Let l(p) = p**2 + p**2 - 4*p**2 + p**3 + p**2. What is l(b)?
0
Let j = 1 - 1. Let l(b) = 2*b**2 - 4*b + 4. Let f = 7 - 10. Let n(z) = -z**2 + 3*z - 4. Let a(g) = f*n(g) - 2*l(g). Determine a(j).
4
Let u(v) = 2*v - 2. Let q be u(-3). Let b be 114/(-22) - q/44. Let c(w) = w**3 + 4*w**2 - 5*w - 1. Give c(b).
-1
Let v(y) = -1. Let k = 7 - 6. Let o(q) = q - q - q - 1 - k. Let d(u) = o(u) - 3*v(u). Calculate d(-2).
3
Let l(w) = 0*w**2 + 0*w**3 - 5*w**2 - w**3. Let p be l(-5). Let r(i) be the third derivative of -i**4/24 - 5*i**3/6 - 2*i**2. Determine r(p).
-5
Suppose -4*i - 5*u + 13 = 0, -4*i + 3*u + 1 = -4. Let s(g) = 0*g**2 - g**i - 3*g**2. Let t be (-6)/15 - 3/5. What is s(t)?
-4
Let h(k) = k**2 - 5*k + 1. Suppose 19*n = 10*n + 36. Give h(n).
-3
Let t = 14 + -9. Let c(w) = t*w - 3*w - 3 - 5 - w. Determine c(4).
-4
Let s be (2/8)/(11/44). Let r(u) = -6*u + 1. Let m be r(s). Let o(b) = -2*b - 2. Give o(m).
8
Let s be (10 - 9)*(-1 + 2). Let d(f) = -2*f**2 - 2*f**2 + 0*f**2 + f - 1 + f**2. Calculate d(s).
-3
Suppose 6*z = z + 15. Let x(j) = 2*j**2 - 2*j - 3. What is x(z)?
9
Let p(a) be the third derivative of -a**5/30 - a**3/6 + 4*a**2. Let x be ((-2)/(-4))/(2/(-4)). What is p(x)?
-3
Let w be 12*(-4)/(9 + 3). Let k(a) = -3*a + 4*a + 1 + 0. What is k(w)?
-3
Let k(z) = -4*z + 2*z - 14 - 4 + 3. Give k(-10).
5
Let l(q) be the first derivative of q**3/3 - 5*q**2/2 + 6*q - 4. Determine l(4).
2
Suppose 0*o = -o + 3. Let i(s) = -2 + 3 + 4 - s. What is i(o)?
2
Let o(k) = -k - 7. Suppose 3*v + 3*r = -2*r - 21, 0 = -2*r. Calculate o(v).
0
Suppose -2*o + 21 = -25. Suppose 3*g - o = -2. Let c(y) = y**3 - 7*y**2 + 2*y - 9. Calculate c(g).
5
Let x = 0 + 3. Let n(i) = i**2 - 2*i + 2. Give n(x).
5
Suppose 2*a + 16 = 4*r, -r - r + 14 = -4*a. Let x(k) = -k - 2. Let m(l) = 3*l + 9. Let o(u) = 2*m(u) + 9*x(u). Determ